when 8 is divided by q?
3
Calculate the remainder when 4 - ((-8)/(-20) + 1028/(-20)) is divided by 16.
7
Let x(r) = 2*r**3 + 13*r**2 - 2*r + 2. Calculate the remainder when x(-6) is divided by 32.
18
Let s(u) = u**3 - 6*u**2 + 8*u - 2. Calculate the remainder when s(7) is divided by 16.
7
Suppose 8078 = 22*f + 2886. What is the remainder when f is divided by 30?
26
Suppose 0 = -4*m - 4*b + 76, -3*b + 1 = -0*m - m. What is the remainder when m is divided by 31/(496/160) - (3 + -1)?
6
Let o = 339 - 155. Let a = 259 - o. What is the remainder when a is divided by 39?
36
Let t = -54 - -87. Let u = -30 + t. Suppose u*l - 64 - 104 = -2*r, 5*l = -20. What is the remainder when r is divided by 23?
21
Let k = 76 + -10. Let u = 97 - k. What is the remainder when 117 is divided by u?
24
Let f = 220 - 216. Let n(v) = 43*v**2 - 2*v + 2. Let u be n(2). Suppose 3*b + f*w - 95 = 0, -4*b = b - 5*w - u. Calculate the remainder when b is divided by 9.
6
Suppose 0 = t + t - 66. Suppose 2646 - 3542 = -7*n. What is the remainder when n is divided by t?
29
Suppose -34 + 46 = 3*m. What is the remainder when 126 is divided by (2/m)/((-3)/(-198))?
27
Suppose 3 - 7 = -2*g. Let i(v) be the first derivative of 13*v**2/2 - 8. Calculate the remainder when 76 is divided by i(g).
24
Let b(t) = -t**2 + 9*t + 88. What is the remainder when b(13) is divided by 19?
17
Suppose 19*y = -12*y + 1271. What is the remainder when 155 is divided by y?
32
Let b = 22 - 10. Suppose -2*t - b = -6*t. Suppose 3*m - 36 = -4*c, -c + t*c + 3*m = 24. Calculate the remainder when 11 is divided by c.
5
Calculate the remainder when 106 is divided by (180/(-12))/((-2)/6).
16
What is the remainder when 238 is divided by 1*66*(-3)/(-9)?
18
Suppose 2*j + 3*j = 210. Let w = j - 28. Calculate the remainder when w is divided by 9.
5
Suppose -6*m + 12 = -2*m. Suppose 2*u = -5*g + 25, -6*g = -g - 15. What is the remainder when u is divided by m?
2
Suppose 33 + 87 = -4*a. Calculate the remainder when 73 is divided by a/9*72/(-16).
13
Let s(f) = -8*f - 2. Let y be s(4). Let b = y - -66. Let u = b + -5. What is the remainder when 53 is divided by u?
26
Suppose 20 = 34*y - 36*y. Calculate the remainder when 24/y*40/(-6) is divided by 6.
4
Suppose y - 98 = -6*y. What is the remainder when 81 is divided by y?
11
What is the remainder when 71 is divided by -15 + 12 + (32 - (0 + 2))?
17
Suppose -6*b + 2*b - 4*j = -20, -2*j = 2. Calculate the remainder when 352 is divided by b.
4
Let n(h) = 2*h**2 - 7*h - 6. What is the remainder when n(-5) is divided by (6/2 - (-7 + -32))*(-2)/(-4)?
16
Suppose 5*m = 10*m. Suppose -10*i + 5*i + 5 = m. Calculate the remainder when 1 is divided by i.
0
Let b(v) = -v**3 - 19*v**2 - 41*v - 32. Let n = 63 + -33. What is the remainder when b(-17) is divided by n?
27
Let t = -53 + 76. Let u(d) = -d**3 + 3*d**2 + 57*d + 98. What is the remainder when t is divided by u(-2)?
3
Let y(g) = -g**2 - g + 1. Let w(k) = -5*k - 5*k**2 - 7*k**3 + k - 2*k + 4 + 0*k. Let o(n) = w(n) - 5*y(n). Calculate the remainder when 12 is divided by o(-1).
5
Suppose 3*k = -k + 2*o - 42, 0 = 3*k + 5*o - 1. Let h = k - -3. Calculate the remainder when 101 is divided by 131/5 - (-1)/h.
23
Suppose -2008 + 559 = -9*o. What is the remainder when o is divided by 24?
17
Suppose 0 = 2*j - 7 - 9. What is the remainder when (-17)/102 + (-175)/(-6) is divided by j?
5
Let i = -184 - -291. Calculate the remainder when i is divided by 39.
29
Suppose 0 = 7*x - 957 - 625. Calculate the remainder when x is divided by 60.
46
Let s(r) = 3*r**2 - 16*r - 4. Suppose 2*p - 19 = -6*j + 3*j, 4*p - 31 = -5*j. Calculate the remainder when s(j) is divided by 2/6 - (-52)/6.
4
Let q = 528 + -264. What is the remainder when q is divided by 9?
3
Let l(z) = -z**2 + 13*z + 6. Suppose 0 = -4*h - 16, -2 = -4*w - 3*h + 34. Calculate the remainder when 34 is divided by l(w).
16
Let t be (-6)/(-10) + 48/(-5). Suppose -r - 19 = -2*r. Calculate the remainder when r is divided by -6*((-105)/t)/(-7).
9
Let u = -62 - -38. What is the remainder when (-572)/(-6) + 2/(-6) is divided by (u/6)/(7/(-6) + 1)?
23
Suppose 16*a = 13*a + 93. Let x = 1093 + -692. Suppose 5*u - x = -5*h + 229, 472 = 4*u - 4*h. What is the remainder when u is divided by a?
29
What is the remainder when 609 is divided by 5 - 1 - (-110 - (-132)/11)?
99
What is the remainder when 258 is divided by 5/25 - (-6 - 2696/20)?
117
Suppose 28*i - 197 - 55 = 0. What is the remainder when 12 is divided by i?
3
Suppose -3*n + 4*n - 4*t - 4 = 0, -4*n - t + 50 = 0. Suppose -5*f = 2*f - 63. Calculate the remainder when n is divided by f.
3
Let f = 163 + -19. Calculate the remainder when f is divided by 94.
50
Let m = -11 - -10. Let y(n) = 14*n - 1. Let l be y(m). Let u = l + 29. What is the remainder when 40 is divided by u?
12
Suppose 4*h = 5*l + 159, 2*h + 0*l - 78 = 4*l. What is the remainder when h is divided by 6?
5
Let d = 4 - -4. Let f(b) = -2 + 6 + 4 - b + d*b - b**2. What is the remainder when 26 is divided by f(6)?
12
Let a(s) = 38*s + 3. Let v(w) = 115*w + 10. Let z(q) = 21*a(q) - 6*v(q). What is the remainder when z(1) is divided by 28?
27
Let d = -18 + 41. Suppose -4*a + 24 = -3*s + 25, -4*s + 4*a = -8. Calculate the remainder when d is divided by s.
2
Suppose -i - i = 36. What is the remainder when 92 is divided by 676/36 + (-4)/i?
16
Let q(v) = 27*v + 6. Let w be q(2). Suppose -w = -c + 2*g - 0*g, -3*c + 4*g = -190. Calculate the remainder when c is divided by 12.
10
Let l(p) = -p**3 + 11*p**2 + 4*p - 13. Suppose 0 = -3*u + 2*u + 18. Calculate the remainder when l(11) is divided by u.
13
Let c(t) = 6*t - 31. Let x = 123 + -113. Calculate the remainder when c(x) is divided by 15.
14
Suppose -2*a + 505 = 3*d, 5*a - 344 = 3*d - 5*d. What is the remainder when d is divided by 17?
14
Let c = 49 + -23. What is the remainder when 294/8 + 4 + (-75)/20 is divided by ((-2)/4)/(-1)*c?
11
Suppose -64 = -4*m + n, -4*m + 5*m = 3*n + 27. Calculate the remainder when m is divided by 5.
0
Let t = 324 + -202. Calculate the remainder when t is divided by 18.
14
Let h = -539 + 576. What is the remainder when 366 is divided by h?
33
Suppose 33*p - 36*p = -1074. Calculate the remainder when p is divided by 40.
38
Let y be (2/2 - -2)*4/(-6). What is the remainder when 27 is divided by ((-55)/(-10) + y)*2?
6
Suppose -3*z + 5*h = -31, 2*h - 4 = -2. What is the remainder when 57 is divided by z?
9
Suppose m = -2*d + 17 - 99, 4*m = d + 59. Let z = d - -46. Let i = -22 - -33. What is the remainder when i is divided by z?
2
Suppose -158 = -2*m - 4*p, 164 = 2*m - 4*p - 2. Suppose 0 = 5*i + 3*n - 249, -5*i - 4*n + m + 171 = 0. What is the remainder when i is divided by 10?
8
Let b(g) = 2*g**2 - 4*g - 2. What is the remainder when b(5) is divided by (18 + -3)*(1 + 0)?
13
Let k = 26 - -11. Suppose 0 = -4*q + 5*o + 36, 2*o - k - 8 = -5*q. What is the remainder when 107 is divided by q?
8
Let s(v) = 2 - 1 + 0*v**2 + 19*v**2 - v. Calculate the remainder when s(1) is divided by 11.
8
Let w = 134 - 76. Let n(b) = 2*b**2 - 3*b + 1. Let g be n(2). Suppose -4*h + 5*d = -69, g*h + 0*h - 5*d = w. What is the remainder when 41 is divided by h?
8
Suppose 4*w = -52 - 0. Let h(l) = -3*l - 6. Let s be h(w). Let g = 55 - s. What is the remainder when g is divided by 12?
10
Suppose 48*v - 41*v = 91. Let j(k) = -k**2 + 6*k + 4. Calculate the remainder when v is divided by j(6).
1
Suppose -2*m + 1683 = 3*y, 17*m + 557 = y + 19*m. What is the remainder when y is divided by 47?
46
Suppose 4*p = -9*p + 364. Calculate the remainder when 43 is divided by p.
15
Let v be (-56)/2 + 0 + (-4 - -6). Suppose -p + 10 = -2. What is the remainder when p is divided by (-212)/v + (-2)/13?
4
Suppose -54 = -9*s + 6*s + d, 0 = -s - 3*d + 28. Let u(z) = -6*z + 3 - 3*z + 0*z. Calculate the remainder when u(-8) is divided by s.
18
Let m be ((-8)/5)/(16/(-680)). Suppose i + x - 34 = 0, -2*x = -2*i + x + m. What is the remainder when i is divided by 9?
7
Suppose -3*k = 5*k - 48. Suppose d = 12 - 2. Suppose -k*g - 76 = -d*g. Calculate the remainder when g is divided by 11.
8
Suppose -2*c + 56 = 8. Suppose -22*q + c*q - 14 = 0. What is the remainder when q is divided by 2?
1
Suppose -26 = 16*w - 1002. Calculate the remainder when 483 is divided by w.
56
Let q = 49 +